 Let c(l) = -l**2 - 4*l - 3. Determine c(h).
-3
Let w(b) = 9*b - 1. Let u(v) be the first derivative of v**3/3 - v + 2. Let p be u(0). Calculate w(p).
-10
Let z(k) = 2*k**3 - 3*k**2 + 2*k - 2. Suppose 0 = 5*l - 4*p + 2 + 4, -16 = -4*l - 2*p. Determine z(l).
6
Suppose -6 - 23 = -t + 5*f, -4*t + 11 = f. Suppose 3*z + 3*c = -12, 0*z - t*z + c + 9 = 0. Suppose 4*o = 17 - z. Let w(a) = a**2 - 7*a + 5. Calculate w(o).
-7
Suppose 0 = 3*v - 5*o + 10, -6*v + 4*o - 8 = -10*v. Let f(k) = k**3 - 2*k**2 - 1 + k**2 - 3 - k. Give f(v).
-4
Let o(t) = 2 - 2 + 0*t - 6*t. Suppose 0*s = -s - 1. What is o(s)?
6
Let i(j) = 2 - j**3 + 5*j - 6*j**2 - 13*j + 5*j. Calculate i(-4).
-18
Let c(u) = -u**3 - u**2. Let z(d) = -3*d**3 - 6*d - 4. Let s(l) = 4*c(l) - z(l). What is s(-5)?
-1
Let n(h) = -h**2 + h**3 - 7 - 6*h - 5*h**2 + h**3 - 3*h**3. Let m be (5/4)/((-1)/4). Give n(m).
-2
Let v(z) = -z**2 + z - 8. Suppose -3*h + 12 + 0 = 0. Suppose -s + 16 = 4*c + h, 4*s + 12 = -c. Suppose a = -c*a. Calculate v(a).
-8
Let l(d) = d**3 - 2*d - 1. Let f be l(-1). Suppose f*u - 3 = -u. Let n(z) = -u*z**3 + z**3 - 2*z**3 + 3*z**3 + 3. What is n(0)?
3
Let m(n) = -2*n + 2 - 14 + 7 + 0. Let o be 86/(-18) - (-4)/(-18). Give m(o).
5
Let w(r) = r. Let i be w(2). Let t(u) = -3*u + 4. Let d be t(i). Let g(j) = j**2 - j - 2. Determine g(d).
4
Suppose 0 = 3*d - 1 + 16. Let p(u) = u**2 + 3*u - 4. Calculate p(d).
6
Let k(d) = 3*d - 3 - 10*d + 4*d + 2*d. Let u be k(-7). Let o(l) = l + 1. Give o(u).
5
Let p(i) = i**3 + 2*i**2 - 4*i - 3. Let r be p(-2). Suppose 3*q = r*q + 6. Let b(h) = -h + 4. Let s(n) = -3*n + 9. Let t(d) = 7*b(d) - 3*s(d). What is t(q)?
-5
Let a(m) be the first derivative of -1/2*m**2 - 2 - 4*m. What is a(-4)?
0
Let c(k) = -2*k**2 + 2*k - 3. Let a(q) = -q**3 + 11*q**2 - 11*q + 12. Let z be a(10). Give c(z).
-7
Let y(n) be the first derivative of -n**4/4 + 5*n**3/3 + n + 1. Let u(o) = -20*o**3 + o**2 + o + 1. Let p be u(-1). Let k = -16 + p. Give y(k).
1
Let q(d) = -d. Let s be q(-5). Let z(g) = g**3 + 8*g**2 + 6*g - 2. Let j be z(-7). Let b(l) = -s*l + l**2 + 1 - 3 + j. Give b(4).
-1
Let c = 12 + 7. Let i = c + -19. Let h(b) = -b + 1. Determine h(i).
1
Let m(f) = -f**2 - 9*f - 7. Let b = 10 - 16. Give m(b).
11
Let w(x) = x + 2. Let o be w(-5). Let f(m) = -2*m**2 + 14*m + 11. Let q be f(8). Let g = q - o. Let l(s) = -s**2 - 5*s - 1. Determine l(g).
5
Let u(k) be the second derivative of k**3/6 + 3*k**2/2 - 4*k. Let t(j) = -j**2 + 2*j - 1. Let p be t(3). Let o(c) = 3. Let d(q) = p*o(q) + 3*u(q). What is d(3)?
6
Let j(m) = -m**3 + 3*m**2 + 18*m. Let c be j(6). Let q(u) be the second derivative of 0 - 1/12*u**4 + 7/2*u**2 - 1/20*u**5 + c*u**3 - 2*u. What is q(0)?
7
Let l(a) = -a**2 - a + 2. Suppose -20 = -5*u - 30. Give l(u).
0
Suppose 4*l + 14 = 6*l. Let s(f) = -3*f - l + 12*f**2 + 0 - 11*f**2. Give s(5).
3
Suppose 1 = -s + 2. Let v(i) = -3*i + 2. Calculate v(s).
-1
Let m(c) be the third derivative of -c**6/120 - c**5/20 - 2*c**3/3 - 2*c**2. Let i be m(-3). Let o(q) = 2*q + 4. Determine o(i).
-4
Suppose 3*c + c - 8 = 0. Suppose -3*n - c*u = -2*n - 11, -12 = -4*u. Let i(r) = -5 - 6*r + 13*r**2 + 3*r - 12*r**2. Give i(n).
5
Let h = -6 + 3. Let f be 2/(-2)*1*h. Let u(k) = -k**2 + 2*k + 1. Calculate u(f).
-2
Let c(o) be the first derivative of -8*o**3/3 + o - 6. Determine c(1).
-7
Let l(b) = -1. Let n(h) = -h - 5. Let u(m) = 5*l(m) - n(m). Suppose 10 = v - 8. Suppose -3*g = -3*p, -3*p + 2*p - 5*g + v = 0. Determine u(p).
3
Let t(p) be the second derivative of -p**3/6 - p**2/2 + 5*p + 2. Calculate t(-2).
1
Let h(d) = 5*d**3 + 9*d**2 + 5*d + 9. Let l(q) = q**3 + 2*q**2 + q + 2. Let p(m) = -2*h(m) + 11*l(m). Let c be 1*(-2 + -2 + 0). Determine p(c).
0
Let g(v) be the third derivative of -v**5/60 + v**4/3 - 5*v**3/6 - 10*v**2. Give g(7).
2
Suppose -c + t + t + 11 = 0, -5*c = -3*t - 34. Let q(l) = -2*l + 5. Let d be q(c). Let h(b) = -b**2 - 6*b - 5. Calculate h(d).
0
Let b(f) = f**2 - 4*f - 3. Let w(k) = 2*k**2 - 2*k + 1. Let q be w(2). Calculate b(q).
2
Let d(a) = a**2 - 3*a - 2. Suppose 2*y + 2*y = 0. Let i(k) = -k - 1. Let n be i(y). Let x = n + 6. What is d(x)?
8
Let m(q) = -q**2 - 2*q + 4. Let h be m(-4). Let d(i) = 2*i + 3. Let t(z) = -3*z - 6. Let u(y) = 7*d(y) + 4*t(y). What is u(h)?
-11
Let a(d) be the first derivative of d**2/2 + 7*d - 2. Give a(-3).
4
Let y(t) be the third derivative of 2*t**2 + 7/24*t**4 + 1/120*t**6 - 7/6*t**3 + 0*t + 0 - 1/10*t**5. Determine y(5).
3
Let r(y) = -y**3 - 3*y**2 - 2*y - 1. Let l(d) = d**2 + d. Let o(n) = 2*l(n) - r(n). What is o(-4)?
1
Suppose 0 = -7*b + 2*b + 20. Let w(c) = -9 + b - 3*c + 5*c. Calculate w(4).
3
Let j(y) = -y**3 - 2*y**2 + 2*y + 4. Let b be -9 + (-6 - -12) + 0/(-2). Determine j(b).
7
Let h(d) = -2*d**2 + 2*d + 5. Let s(y) = y**2. Let n(i) = h(i) + s(i). Give n(4).
-3
Let w(p) be the third derivative of -p**5/30 - p**4/4 + 4*p**2. Give w(-4).
-8
Let f be ((-6)/4)/(15/40). Let x(a) be the third derivative of -1/6*a**4 + 1/120*a**6 - 1/2*a**3 + 0 + 0*a + 1/20*a**5 - 2*a**2. What is x(f)?
-3
Suppose -11*z = -5*z + 18. Let k(r) = -r**3 - 4*r**2 + 4. Determine k(z).
-5
Let g(p) = -p**2 - p + 7. Let d(h) = h + 9. Let i be d(-7). Let r be i + -1*6/3. Determine g(r).
7
Let o(b) = -b. Let s(h) = 2*h - 1. Let u(x) = -5*o(x) - 3*s(x). Determine u(11).
-8
Suppose 5*l - 5*r - 5 = 0, 2*r - 7 = 2*l + 3*r. Let a(c) = c + 3 + c**2 + 3 - 4. What is a(l)?
4
Let s(o) = o**3 + 2*o**2 - 2*o - 1. Suppose 0 = -2*a - 0*a + 8. Suppose u = 2*g - a*g + 2, -u + 2 = -g. Suppose u*v = -3 - 1. Determine s(v).
3
Let c = -16 + 24. Let d = 10 - c. Let n(u) = u**2 - 3*u + 3. Determine n(d).
1
Let l(g) = g**3 - g**2 - g. Let c(a) = 4*a**3 + 3*a**2 - 3*a - 5. Let b(v) = c(v) - 3*l(v). Let x be (-2)/(-7) + 88/(-14). What is b(x)?
-5
Let r(w) be the second derivative of -w**6/120 - w**5/10 - 5*w**4/24 + 5*w**3/6 + 2*w**2 + 2*w. Let l(g) be the first derivative of r(g). What is l(-5)?
5
Let t be (-2*1/(-1))/1. Let n(d) = -d**2 + d + 1. Let p = 6 - 5. Let h(b) = b**3 - 6*b**2 + 4*b + 3. Let i(u) = p*h(u) - 4*n(u). Give i(t).
-1
Suppose -5*o - 2 - 18 = 0. Let n(u) = -3 + 5 + 3*u - 2*u. Determine n(o).
-2
Let c(x) = 4*x + 2. Let q be ((-15)/(-30))/(1/(-6)). Give c(q).
-10
Let i(c) = -c**2 - 6*c - 3. Suppose v + 25 = -4*r, 0*v = r + 2*v + 15. What is i(r)?
2
Let i(r) = 4 + 2*r + 4 - 2 - 3*r. Determine i(9).
-3
Let d(m) = m**2 + 5*m + 6. Let b be d(-4). Let y(r) = 0*r + 3 - 7*r + 0*r**b - 9*r**2 - r**3. Give y(-8).
-5
Let w(f) = 3*f + 9. Let o(d) = -d - 1. Let i(v) = 6*o(v) + w(v). Give i(4).
-9
Let r(d) be the third derivative of d**5/60 + d**4/12 - 5*d**3/6 - d**2. Calculate r(-4).
3
Let p(a) be the first derivative of 1/2*a**2 + 5 + a. Calculate p(-4).
-3
Let m(y) = -2 + y**2 - 1 + y + 3*y. Suppose -2*r + 5*b - 10 = 0, -3*r + 4*b - 5 = 10. Calculate m(r).
2
Let t(d) = -d**2 - 5*d + 3. Let j be t(-5). Suppose 5*u = j*u + 2. Let m(a) = 0 - 12*a**2 + 11*a**2 - 1. Calculate m(u).
-2
Let r(w) = 14*w**2 - 24*w - 20. Let j(o) = 5*o**2 - 8*o - 7. Let u(z) = -11*j(z) + 4*r(z). What is u(5)?
-18
Let y(z) be the third derivative of -z**5/120 - 5*z**4/24 - 5*z**3/6 - 4*z**2. Let r(j) be the first derivative of y(j). Determine r(-5).
0
Let n(c) = 21*c + 18*c - 1 - 59*c - 15*c**2 + 18*c. Suppose 3*i = -i - 4. What is n(i)?
-14
Let m(t) = 7*t**2 - t + 6. Let g(x) = -x**3 + 2*x**2 + 3*x - 6. Let q be g(3). Let d(k) = 6*k**2 - k + 5. Let l(w) = q*d(w) + 5*m(w). What is l(3)?
-6
Let t(p) = 4*p - 2. Let q(a) = -4*a + 1. Let n(d) = 2*q(d) + 3*t(d). Give n(2).
4
Let r(b) = -b - 5. Let w be ((-2)/(-5))/(8/(-200)). Give r(w).
5
Suppose 4*i = 3*o - 1, i + 5*o = 6*i + 5. Let s(l) = -5*l**2 + 4*l**2 + 0*l**i + 5*l - 3. Let r = 24 - 21. Give s(r).
3
Suppose g = 3*g + 10. Let h = g + 8. Let j(z) = z - 2. Give j(h).
1
Suppose 4*m - 101 = -y - 33, -4*m + 3*y + 52 = 0. Suppose 0 = -5*w + m - 6. Let r(z) = 0*z**2 + 3*z - w*z**2 + 3*z**2 - 2*z**2 - 2. Calculate r(3).
-2
Suppose 0 = 5*z + 10, -1 = 2*v + 4*z - 3. Let k = -10 + v. Let f(n) = -n**3 - 5*n**2 + n. Determine f(k).
-5
Let m = -3 + 2. Let i(s) be the first derivative of -s**2 - 4 - s - 1/3*s**3. Determine i(m).
0
Let v(t) = t**2 + 7*t + 7. Let z be v(-6). Let a(p) = -4 - 2 - 5*p + 5. Give a(z).
-6
Let d(h) = -h**2 - 10*h - 5. Let a(g) = -g**2 